{"id":7531,"date":"2025-09-15T15:51:26","date_gmt":"2025-09-15T13:51:26","guid":{"rendered":"https:\/\/zs.pilchowice.pl\/?page_id=7531"},"modified":"2026-03-12T10:44:48","modified_gmt":"2026-03-12T09:44:48","slug":"nowoczesna-edukacja-droga-do-sukcesu","status":"publish","type":"page","link":"https:\/\/zs.pilchowice.pl\/?page_id=7531","title":{"rendered":"Nowoczesna edukacja drog\u0105 do sukcesu"},"content":{"rendered":"<p><img decoding=\"async\" loading=\"lazy\" class=\"aligncenter size-full wp-image-7536\" src=\"https:\/\/zs.pilchowice.pl\/wp-content\/uploads\/2025\/09\/logo-KOLOR.png\" alt=\"\" width=\"605\" height=\"68\" srcset=\"https:\/\/zs.pilchowice.pl\/wp-content\/uploads\/2025\/09\/logo-KOLOR.png 605w, https:\/\/zs.pilchowice.pl\/wp-content\/uploads\/2025\/09\/logo-KOLOR-300x34.png 300w, https:\/\/zs.pilchowice.pl\/wp-content\/uploads\/2025\/09\/logo-KOLOR-500x56.png 500w\" sizes=\"(max-width: 605px) 100vw, 605px\" \/><br \/>\n<a name=\"_GoBack\"><\/a><span style=\"font-family: Times New Roman, serif;\"><span style=\"font-size: large;\"><b>Gmina Pilchowice zaprasza uczni\u00f3w Szko\u0142y Podstawowej w Pilchowicach do udzia\u0142u w projekcie<\/b><\/span><\/span><\/p>\n<p align=\"center\"><span style=\"font-family: Times New Roman, serif;\"><span style=\"font-size: large;\"><b>Nowoczesna Edukacja Drog\u0105 Do Sukcesu<\/b><\/span><\/span><\/p>\n<p><span style=\"font-family: Times New Roman, serif;\"><span style=\"font-size: medium;\"><span style=\"color: #222222;\">Nazwa beneficjenta: Gmina Pilchowice<\/span><span style=\"color: #222222;\"><br \/>\n<\/span><span style=\"color: #222222;\">\u0179r\u00f3d\u0142o finansowania: Europejski Fundusz Spo\u0142eczny Plus (EFS+)<\/span><span style=\"color: #222222;\"><br \/>\n<\/span><span style=\"color: #222222;\">Warto\u015b\u0107 projektu: 792 221,65 z\u0142<\/span><span style=\"color: #222222;\"><br \/>\n<\/span><span style=\"color: #222222;\">Dofinansowanie: 712 999,48 z\u0142<\/span><span style=\"color: #222222;\"><br \/>\n<\/span><span style=\"color: #222222;\">Okres realizacji: 01.07.2025 \u2013 31.08.2027<\/span><\/span><\/span><\/p>\n<p><span style=\"font-family: Times New Roman, serif;\"><span style=\"font-size: medium;\"><span style=\"color: #222222;\"><b>Opis projektu:<\/b><\/span><span style=\"color: #222222;\"><br \/>\nCelem projektu jest zapewnienie wysokiej jako\u015bci kszta\u0142cenie og\u00f3lnego dla 282 uczni\u00f3w oraz podniesienie kwalifikacji zawodowych 25 nauczycieli ze Szk\u00f3\u0142 Podstawowych z terenu Gminy Pilchowice.<\/span><\/span><\/span><\/p>\n<p><span style=\"font-family: Times New Roman, serif;\"><span style=\"font-size: medium;\"><span style=\"color: #222222;\"><b>Grupa docelowa:<\/b><\/span><span style=\"color: #222222;\"><br \/>\ndzieci w wieku szkolnym oraz nauczyciele.<\/span><\/span><\/span><\/p>\n<p><span style=\"font-family: Times New Roman, serif;\"><span style=\"font-size: medium;\"><span style=\"color: #222222;\"><b>G\u0142\u00f3wne dzia\u0142ania projektu:<\/b><\/span><span style=\"color: #222222;\"><br \/>\n\u2013 organizacja zaj\u0119\u0107 dodatkowych,<br \/>\n\u2013 doposa\u017cenie plac\u00f3wki w sprz\u0119t dydaktyczny,<br \/>\n\u2013 podnoszenie kwalifikacji nauczycieli.<\/span><\/span><\/span><\/p>\n<p align=\"justify\"><span style=\"font-family: Times New Roman, serif;\"><span style=\"font-size: medium;\"><span style=\"color: #222222;\">Projekt przewiduje, \u017ce oko\u0142o 282 uczni\u00f3w szk\u00f3\u0142 podstawowych skorzysta z dodatkowych zaj\u0119\u0107, w\u015br\u00f3d nich znajdzie si\u0119 oko\u0142o 36 dzieci ze specjalnymi potrzebami edukacyjnymi. Dodatkowo, 25 nauczycieli zdob\u0119dzie nowe kwalifikacje lub umiej\u0119tno\u015bci, kt\u00f3re b\u0119d\u0105 wykorzystywa\u0107 w pracy dydaktycznej.<\/span><\/span><\/span><\/p>\n<p align=\"justify\"><span style=\"font-family: Times New Roman, serif;\"><span style=\"font-size: medium;\"><span style=\"color: #222222;\">Projekt b\u0119dzie realizowany do 31 sierpnia 2027 r. w Gminie Pilchowice, w Zespo\u0142ach Szkolno-Przedszkolnych. Zaj\u0119cia, czas ich trwania oraz forma prowadzenia b\u0119d\u0105 dopasowane do potrzeb uczni\u00f3w. Cel projektu zostanie osi\u0105gni\u0119ty poprzez realizacj\u0119 zaj\u0119\u0107 dodatkowych dla uczni\u00f3w w zakresie zaj\u0119\u0107 wyr\u00f3wnawczych, rozwijaj\u0105cych oraz k\u00f3\u0142 zainteresowa\u0144 i warsztat\u00f3w. Nauczyciele podnios\u0105 kwalifikacje zawodowe poprzez uczestnictwo w kursach oraz szkoleniach. Dodatkowo zostan\u0105 zakupione pomoce dydaktycznych oraz sprz\u0119tu ICT, kt\u00f3re s\u0105 niezb\u0119dne do osi\u0105gni\u0119cia celu projektu.<\/span><\/span><\/span><\/p>\n<p align=\"justify\"><span style=\"font-family: Times New Roman, serif;\"><span style=\"font-size: medium;\"><span style=\"color: #222222;\">Zadanie uzyska\u0142o dofinansowanie w wysoko\u015bci 90% koszt\u00f3w w ramach programu regionalnego Fundusze Europejskie dla \u015al\u0105skiego na lata 2021 \u2013 2027 ze \u015brodk\u00f3w Europejskiego Funduszu Spo\u0142ecznego oraz bud\u017cetu pa\u0144stwa<\/span><\/span><\/span><\/p>\n<p align=\"justify\"><span style=\"font-family: Times New Roman, serif;\"><span style=\"font-size: medium;\"><span style=\"color: #000000;\"><b>ZSP PILCHOWICE\u00a0<\/b><\/span><\/span><\/span><\/p>\n<p align=\"justify\"><span style=\"font-family: Times New Roman, serif;\"><span style=\"font-size: medium;\"><span style=\"color: #000000;\">&#8211; warto\u015b\u0107 zada\u0144 realizowanych w plac\u00f3wce: 220.898,82 z\u0142<\/span><\/span><\/span><\/p>\n<p align=\"justify\"><span style=\"font-family: Times New Roman, serif;\"><span style=\"font-size: medium;\"><span style=\"color: #000000;\">&#8211; liczba dzieci obj\u0119tych wsparciem: 110 os\u00f3b\u00a0<\/span><\/span><\/span><\/p>\n<p align=\"justify\"><span style=\"font-family: Times New Roman, serif;\"><span style=\"font-size: medium;\"><span style=\"color: #000000;\">&#8211; liczba nauczycieli i nauczycielek obj\u0119tych wsparciem: 9 os\u00f3b<\/span><\/span><\/span><\/p>\n<p align=\"justify\"><span style=\"font-family: Times New Roman, serif;\"><span style=\"font-size: medium;\"><span style=\"color: #000000;\">&#8211; liczba dzieci o specjalnych potrzebach rozwojowych i edukacyjnych,\u00a0obj\u0119tych wsparciem:\u00a0 6<\/span><\/span><\/span><\/p>\n<p align=\"justify\"><span style=\"font-family: Times New Roman, serif;\"><span style=\"font-size: medium;\"><span style=\"color: #000000;\">&#8211; liczba dzieci, kt\u00f3re naby\u0142y kwalifikacje po zako\u0144czeniu projektu: 88\u00a0<\/span><\/span><\/span><\/p>\n<p align=\"justify\"><span style=\"font-family: Times New Roman, serif;\"><span style=\"font-size: medium;\"><span style=\"color: #000000;\">&#8211; rodzaje zaplanowanych zaj\u0119\u0107 dla dzieci:<\/span><\/span><\/span><\/p>\n<p align=\"justify\"><span style=\"font-family: Times New Roman, serif;\"><span style=\"font-size: medium;\"><span style=\"color: #000000;\">1)\u00a0\u00a0\u00a0\u00a0\u00a0\u00a0Zaj\u0119cia dydaktyczno-wyr\u00f3wnawcze z matematyki dla uczni\u00f3w klas IV-VIII<\/span><\/span><\/span><\/p>\n<p align=\"justify\"><span style=\"font-family: Times New Roman, serif;\"><span style=\"font-size: medium;\"><span style=\"color: #000000;\">2)\u00a0\u00a0\u00a0\u00a0\u00a0\u00a0Zaj\u0119cia dydaktyczno-wyr\u00f3wnawcze z j. polskiego dla klas IV-VIII<\/span><\/span><\/span><\/p>\n<p align=\"justify\"><span style=\"font-family: Times New Roman, serif;\"><span style=\"font-size: medium;\"><span style=\"color: #000000;\">3)\u00a0\u00a0\u00a0\u00a0\u00a0\u00a0Ko\u0142o zainteresowa\u0144 &#8222;Z lektur\u0105 za Pan Brat&#8221; dla klas I-III<\/span><\/span><\/span><\/p>\n<p align=\"justify\"><span style=\"font-family: Times New Roman, serif;\"><span style=\"font-size: medium;\"><span style=\"color: #000000;\">4)\u00a0\u00a0\u00a0\u00a0\u00a0\u00a0K\u00f3\u0142ko matematyczne &#8222;\u015awiat zapisany w liczbach&#8221; dla klas I-III<\/span><\/span><\/span><\/p>\n<p align=\"justify\"><span style=\"font-family: Times New Roman, serif;\"><span style=\"font-size: medium;\"><span style=\"color: #000000;\">5)\u00a0\u00a0\u00a0\u00a0\u00a0\u00a0Ko\u0142o zainteresowa\u0144 &#8222;K\u00f3\u0142ko ekologiczne&#8221; zaj\u0119cia dla klas IV-VIII<\/span><\/span><\/span><\/p>\n<p align=\"justify\"><span style=\"font-family: Times New Roman, serif;\"><span style=\"font-size: medium;\"><span style=\"color: #000000;\">6)\u00a0\u00a0\u00a0\u00a0\u00a0\u00a0Ko\u0142o zainteresowa\u0144 &#8222;Ko\u0142o j\u0119zyka angielskiego zaj\u0119cia dla klas IV-VIII<\/span><\/span><\/span><\/p>\n<p align=\"justify\"><span style=\"font-family: Times New Roman, serif;\"><span style=\"font-size: medium;\"><span style=\"color: #000000;\">7)\u00a0\u00a0\u00a0\u00a0\u00a0\u00a0Ko\u0142o zainteresowa\u0144 &#8222;Artystyczna awangarda&#8221; dla klas IV-VIII<\/span><\/span><\/span><\/p>\n<p align=\"justify\"><span style=\"font-family: Times New Roman, serif;\"><span style=\"font-size: medium;\"><span style=\"color: #000000;\">8)\u00a0\u00a0\u00a0\u00a0\u00a0\u00a0Ko\u0142o zainteresowa\u0144 &#8222;K\u00f3\u0142ko biologiczne&#8221; dla klas V-VIII<\/span><\/span><\/span><\/p>\n<p align=\"justify\"><span style=\"font-family: Times New Roman, serif;\"><span style=\"font-size: medium;\"><span style=\"color: #000000;\">9)\u00a0\u00a0\u00a0\u00a0\u00a0\u00a0K\u00f3\u0142ko teatralno-wokalne dla klas I-III<\/span><\/span><\/span><\/p>\n<div><strong>Dost\u0119pno\u015b\u0107 architektoniczna<\/strong><\/div>\n<div><\/div>\n<div>Biuro Projektu znajduje si\u0119 przy ul. Damrota 6 w Pilchowicach. Do<\/div>\n<div>budynku prowadzi g\u0142\u00f3wne wej\u015bcie z podjazdem dla w\u00f3zk\u00f3w oraz drzwiami<\/div>\n<div>dwuskrzyd\u0142owymi o szeroko\u015bci 140 cm. Przy podje\u017adzie znajduje si\u0119<\/div>\n<div>dzwonek umo\u017cliwiaj\u0105cy przywo\u0142anie pracownika biura. Dla os\u00f3b z<\/div>\n<div>ograniczon\u0105 mobilno\u015bci\u0105 dost\u0119pne s\u0105 korytarze i pomieszczenia na<\/div>\n<div>parterze, gdzie znajduje si\u0119 r\u00f3wnie\u017c toaleta przystosowana dla os\u00f3b z<\/div>\n<div>niepe\u0142nosprawno\u015bciami. Przy budynku wyznaczono dwa miejsca parkingowe<\/div>\n<div>dla os\u00f3b z niepe\u0142nosprawno\u015bciami. Do budynku mo\u017cna wej\u015b\u0107 z psem<\/div>\n<div>asystuj\u0105cym lub psem przewodnikiem. Informacje o rozmieszczeniu<\/div>\n<div>pomieszcze\u0144 dost\u0119pne s\u0105 na tablicy informacyjnej oraz u pracownika biura.<\/div>\n<div><\/div>\n<div>Zaj\u0119cia projektowe odbywaj\u0105 si\u0119 w budynku Szko\u0142y Podstawowej\u00a0 w<\/div>\n<div>Pilchowicach.<span style=\"font-weight: 300;\">Do budynku prowadz\u0105 2 wej\u015bcia:<\/span><\/p>\n<ul>\n<li>od ul. Szkolnej 1 \u2013 g\u0142\u00f3wne wej\u015bcie, do kt\u00f3rego prowadzi p\u0142aski teren z jednym schodem. Do budynku prowadz\u0105 drzwi dwuskrzyd\u0142owe o szeroko\u015bci 140 cm wyposa\u017cone w samozamykacz.<\/li>\n<li>Od ul. Szkolnej 1 \u2013 wej\u015bcie boczne, do kt\u00f3rego prowadzi p\u0142aski utwardzony teren z trzema schodami oraz podjazd dla w\u00f3zk\u00f3w. Do budynku prowadz\u0105 drzwi dwuskrzyd\u0142owe o szeroko\u015bci 140 cm wyposa\u017cone w samozamykacz, dost\u0119pne dla os\u00f3b z\u00a0ograniczeniem zdolno\u015bci ruchowej, os\u00f3b z w\u00f3zkami. Drzwi umo\u017cliwiaj\u0105 wjazd osoby na w\u00f3zku, z w\u00f3zkiem dzieci\u0119cym oraz z\u00a0ograniczeniem zdolno\u015bci ruchowej.<\/li>\n<\/ul>\n<p>Na parterze budynku znajduj\u0105 si\u0119 szerokie korytarze oraz sale dydaktyczne dost\u0119pne<\/p><\/div>\n<div>dla os\u00f3b z ograniczon\u0105 mobilno\u015bci\u0105. Na wy\u017csze kondygnacje prowadz\u0105<\/div>\n<div>szerokie schody umo\u017cliwiaj\u0105ce korzystanie ze schodo\u0142azu.<\/div>\n<div><\/div>\n<div><\/div>\n<div>\u00a0 \u00a0 \u00a0 Kontakt w sprawie projektu<\/div>\n<div><\/div>\n<div>W przypadku pyta\u0144 dotycz\u0105cych projektu prosimy o kontakt:<\/div>\n<div><\/div>\n<div>e-mail: zs@pilchowice.pl<\/div>\n<div>tel.: +48 32 235 65 22<\/div>\n<p align=\"justify\">#FunduszeUE\u00a0#FunduszeEuropejskie<\/p>\n<p align=\"justify\">Formularz zg\u0142oszeniowy nale\u017cy sk\u0142ada\u0107 osobi\u015bcie w budynku szko\u0142y b\u0105d\u017a mailowo<br \/>\nzs@pilchowice.pl pod warunkiem zachowania prawid\u0142owo z\u0142o\u017conego podpisu (profil<br \/>\nzaufany\/podpis kwalifikowany).<\/p>\n<p><a href=\"https:\/\/zs.pilchowice.pl\/wp-content\/uploads\/2026\/02\/Regulamin-rekrutacji-i-uczestnictwa-w-projekcie.pdf\">Regulamin rekrutacji i uczestnictwa w projekcie (PDF, 642 kB)<\/a><\/p>\n<p><a href=\"https:\/\/zs.pilchowice.pl\/wp-content\/uploads\/2026\/02\/Plakat-rekrutacja-do-udzialu-w-projektcie-w-Pilchowicach.pdf\">Plakat &#8211; rekrutacja do udzia\u0142u w projekcie w Pilchowicach (PDF, 585 kB)<\/a><\/p>\n<p><a href=\"https:\/\/zs.pilchowice.pl\/wp-content\/uploads\/2025\/09\/Zal-1-Formularz-zgloszeniowy-2.pdf\">Za\u0142. 1 &#8211; Formularz zg\u0142oszeniowy (PDF, 798 kB)<\/a><\/p>\n<p><a href=\"https:\/\/zs.pilchowice.pl\/wp-content\/uploads\/2025\/09\/Zal.-2-Deklaracja-uczestnictwa.pdf\">Za\u0142. 2 &#8211; Deklaracja uczestnictwa (PDF, 377 kB)<\/a><\/p>\n<p><a href=\"https:\/\/zs.pilchowice.pl\/wp-content\/uploads\/2025\/09\/zal.-3-klauzula-informacyjna.pdf\">Za\u0142. 3 &#8211; Klauzula informacyjna (PDF, 428 kB)<\/a><\/p>\n<p><a href=\"https:\/\/zs.pilchowice.pl\/wp-content\/uploads\/2026\/02\/Harmonogram-zajec-LUTY.pdf\">Harmonogram zaj\u0119\u0107 LUTY (PDF, 99 kB)<\/a><\/p>\n<p><a href=\"https:\/\/zs.pilchowice.pl\/wp-content\/uploads\/2026\/02\/Harmonogram-zajec-MARZEC.pdf\">Harmonogram zaj\u0119\u0107 MARZEC (PDF, 100 kB)<\/a><\/p>\n<p><a href=\"https:\/\/zs.pilchowice.pl\/wp-content\/uploads\/2026\/02\/Harmonogram-zajec-KWIECIEN.pdf\">Harmonogram zaj\u0119\u0107 KWIECIE\u0143 (PDF, 100 kB)<\/a><\/p>\n<p><a href=\"https:\/\/zs.pilchowice.pl\/wp-content\/uploads\/2026\/02\/Harmonogram-zajec-MAJ.pdf\">Harmonogram zaj\u0119\u0107 MAJ (PDF, 99 kB)<\/a><\/p>\n<p><a href=\"https:\/\/zs.pilchowice.pl\/wp-content\/uploads\/2026\/02\/Harmonogram-zajec-CZERWIEC-2.pdf\">Harmonogram zaj\u0119\u0107 CZERWIEC (PDF, 100 kB)<\/a><\/p>\n<p>&nbsp;<\/p>\n","protected":false},"excerpt":{"rendered":"<p>Gmina Pilchowice zaprasza uczni\u00f3w Szko\u0142y Podstawowej w Pilchowicach do udzia\u0142u w projekcie Nowoczesna Edukacja Drog\u0105 Do Sukcesu Nazwa beneficjenta: Gmina Pilchowice \u0179r\u00f3d\u0142o finansowania: Europejski Fundusz Spo\u0142eczny Plus (EFS+) Warto\u015b\u0107 projektu: 792 221,65 z\u0142 Dofinansowanie: 712 999,48 z\u0142 Okres realizacji: 01.07.2025 &hellip; <a href=\"https:\/\/zs.pilchowice.pl\/?page_id=7531\">Czytaj dalej <span class=\"meta-nav\">&rarr;<\/span><\/a><\/p>\n","protected":false},"author":4,"featured_media":0,"parent":0,"menu_order":0,"comment_status":"closed","ping_status":"closed","template":"","meta":[],"_links":{"self":[{"href":"https:\/\/zs.pilchowice.pl\/index.php?rest_route=\/wp\/v2\/pages\/7531"}],"collection":[{"href":"https:\/\/zs.pilchowice.pl\/index.php?rest_route=\/wp\/v2\/pages"}],"about":[{"href":"https:\/\/zs.pilchowice.pl\/index.php?rest_route=\/wp\/v2\/types\/page"}],"author":[{"embeddable":true,"href":"https:\/\/zs.pilchowice.pl\/index.php?rest_route=\/wp\/v2\/users\/4"}],"replies":[{"embeddable":true,"href":"https:\/\/zs.pilchowice.pl\/index.php?rest_route=%2Fwp%2Fv2%2Fcomments&post=7531"}],"version-history":[{"count":16,"href":"https:\/\/zs.pilchowice.pl\/index.php?rest_route=\/wp\/v2\/pages\/7531\/revisions"}],"predecessor-version":[{"id":7980,"href":"https:\/\/zs.pilchowice.pl\/index.php?rest_route=\/wp\/v2\/pages\/7531\/revisions\/7980"}],"wp:attachment":[{"href":"https:\/\/zs.pilchowice.pl\/index.php?rest_route=%2Fwp%2Fv2%2Fmedia&parent=7531"}],"curies":[{"name":"wp","href":"https:\/\/api.w.org\/{rel}","templated":true}]}}