{"id":7801,"date":"2026-01-26T17:10:00","date_gmt":"2026-01-26T16:10:00","guid":{"rendered":"https:\/\/zs.pilchowice.pl\/?page_id=7801"},"modified":"2026-04-17T08:57:16","modified_gmt":"2026-04-17T06:57:16","slug":"bystrzaki-2025-2026","status":"publish","type":"page","link":"https:\/\/zs.pilchowice.pl\/?page_id=7801","title":{"rendered":"Bystrzaki 2025\/2026"},"content":{"rendered":"<p><img decoding=\"async\" loading=\"lazy\" class=\"aligncenter size-full wp-image-7699\" src=\"https:\/\/zs.pilchowice.pl\/wp-content\/uploads\/2025\/11\/fe_sl_kolor_poziom_ww.jpg\" alt=\"Logotyp Funduszy Europejskich dla \u015al\u0105skiego oraz Unii Europejskiej \u2013 Europejski Fundusz Spo\u0142eczny Plus\" width=\"1000\" height=\"107\" srcset=\"https:\/\/zs.pilchowice.pl\/wp-content\/uploads\/2025\/11\/fe_sl_kolor_poziom_ww.jpg 1000w, https:\/\/zs.pilchowice.pl\/wp-content\/uploads\/2025\/11\/fe_sl_kolor_poziom_ww-300x32.jpg 300w, https:\/\/zs.pilchowice.pl\/wp-content\/uploads\/2025\/11\/fe_sl_kolor_poziom_ww-768x82.jpg 768w, https:\/\/zs.pilchowice.pl\/wp-content\/uploads\/2025\/11\/fe_sl_kolor_poziom_ww-500x54.jpg 500w\" sizes=\"(max-width: 1000px) 100vw, 1000px\" \/><\/p>\n<h1>Bystrzaki \u2013 zaj\u0119cia dodatkowe dla przedszkolak\u00f3w w Zespole Szkolno-Przedszkolnym w Pilchowicach<\/h1>\n<p><strong>Nazwa beneficjenta:<\/strong> Gmina Pilchowice<\/p>\n<p><strong>\u0179r\u00f3d\u0142o finansowania:<\/strong> Europejski Fundusz Spo\u0142eczny Plus (EFS+)<\/p>\n<p><strong>Warto\u015b\u0107 projektu:<\/strong> 487 709,17 z\u0142<\/p>\n<p><strong>Dofinansowanie:<\/strong> 438 938,25 z\u0142, w tym UE 414 552,79 z\u0142<\/p>\n<p><strong>Okres realizacji:<\/strong> 01.09.2024 \u2013 31.08.2027<\/p>\n<h2>Opis projektu<\/h2>\n<p>Celem projektu jest zapewnienie lepszego dost\u0119pu do dobrej edukacji przedszkolnej w Gminie Pilchowice. Osi\u0105gniemy to poprzez organizacj\u0119 zaj\u0119\u0107 dodatkowych, wyposa\u017cenie przedszkola oraz szkolenie nauczycieli.<\/p>\n<p>Projekt jest skierowany do przedszkolak\u00f3w oraz nauczycieli.<\/p>\n<p>Dzi\u0119ki projektowi oko\u0142o 100 dzieci we\u017amie udzia\u0142 w zaj\u0119ciach dodatkowych, co pomo\u017ce im w edukacyjnym rozwoju. W\u015br\u00f3d nich b\u0119dzie oko\u0142o 20 dzieci ze specjalnymi potrzebami edukacyjnymi. Projekt obejmie r\u00f3wnie\u017c 12 nauczycielek, kt\u00f3re podnios\u0105 swoje kwalifikacje.<\/p>\n<h2>G\u0142\u00f3wne dzia\u0142ania projektu<\/h2>\n<ul>\n<li>organizacja zaj\u0119\u0107 dodatkowych<\/li>\n<li>doposa\u017cenie plac\u00f3wki w sprz\u0119t dydaktyczny<\/li>\n<li>szkolenia dla nauczycielek<\/li>\n<\/ul>\n<p>Projekt b\u0119dzie realizowany do sierpnia 2027 r. w Gminie Pilchowice. Zaj\u0119cia oraz spos\u00f3b ich prowadzenia s\u0105 dopasowane do indywidualnych potrzeb dzieci. Projekt dba o bezpieczne i higieniczne warunki zaj\u0119\u0107, wspiera edukacyjny start dzieci i umo\u017cliwia rodzicom \u0142atwiejszy powr\u00f3t na rynek pracy.<\/p>\n<p>Zadanie uzyska\u0142o dofinansowanie w wysoko\u015bci 90% koszt\u00f3w w ramach programu regionalnego Fundusze Europejskie dla \u015al\u0105skiego na lata 2021\u20132027 ze \u015brodk\u00f3w Europejskiego Funduszu Spo\u0142ecznego oraz bud\u017cetu pa\u0144stwa.<\/p>\n<h2>Dost\u0119pno\u015b\u0107 architektoniczna<\/h2>\n<p>Biuro Projektu znajduje si\u0119 przy ul. Damrota 6 w Pilchowicach. Do budynku prowadzi g\u0142\u00f3wne wej\u015bcie z podjazdem dla w\u00f3zk\u00f3w oraz drzwiami dwuskrzyd\u0142owymi o szeroko\u015bci 140 cm. Przy podje\u017adzie znajduje si\u0119 dzwonek umo\u017cliwiaj\u0105cy przywo\u0142anie pracownika biura.<\/p>\n<p>Dla os\u00f3b z ograniczon\u0105 mobilno\u015bci\u0105 dost\u0119pne s\u0105 korytarze i pomieszczenia na parterze, gdzie znajduje si\u0119 r\u00f3wnie\u017c toaleta przystosowana dla os\u00f3b z niepe\u0142nosprawno\u015bciami. Przy budynku wyznaczono dwa miejsca parkingowe dla os\u00f3b z niepe\u0142nosprawno\u015bciami.<\/p>\n<p>Do budynku mo\u017cna wej\u015b\u0107 z psem asystuj\u0105cym lub psem przewodnikiem. Informacje o rozmieszczeniu pomieszcze\u0144 dost\u0119pne s\u0105 na tablicy informacyjnej oraz u pracownika biura.<\/p>\n<p>Zaj\u0119cia projektowe odbywaj\u0105 si\u0119 w budynku Publicznego Przedszkola w Pilchowicach. Do g\u0142\u00f3wnego wej\u015bcia prowadzi p\u0142aski, utwardzony teren przystosowany dla w\u00f3zk\u00f3w.<\/p>\n<p>Wej\u015bcie wyposa\u017cone jest w drzwi dwuskrzyd\u0142owe o szeroko\u015bci 140 cm z samozamykaczem, umo\u017cliwiaj\u0105ce wjazd osobom poruszaj\u0105cym si\u0119 na w\u00f3zkach oraz z w\u00f3zkami dzieci\u0119cymi. Na parterze budynku znajduj\u0105 si\u0119 szerokie korytarze oraz sale dydaktyczne dost\u0119pne dla os\u00f3b z ograniczon\u0105 mobilno\u015bci\u0105.<\/p>\n<p>Na wy\u017csze kondygnacje prowadz\u0105 szerokie schody umo\u017cliwiaj\u0105ce korzystanie ze schodo\u0142azu.<\/p>\n<h2>Kontakt w sprawie projektu<\/h2>\n<p>W przypadku pyta\u0144 dotycz\u0105cych projektu prosimy o kontakt:<\/p>\n<p>e-mail:<br \/>\n<a href=\"mailto:zs@pilchowice.pl\" target=\"_blank\" rel=\"noopener\" aria-label=\"Wy\u015blij e-mail do Zespo\u0142u Szkolno-Przedszkolnego w Pilchowicach\">zs@pilchowice.pl<\/a><br \/>\ntel.: +48 32 235 65 97<\/p>\n<p>#FunduszeUE #FunduszeEuropejskie<\/p>\n<p>Formularz zg\u0142oszeniowy nale\u017cy sk\u0142ada\u0107 osobi\u015bcie w budynku przedszkola b\u0105d\u017a mailowo na adres<br \/>\n<a href=\"mailto:zs@pilchowice.pl\" target=\"_blank\" rel=\"noopener\"><br \/>\nzs@pilchowice.pl<br \/>\n<\/a><br \/>\npod warunkiem zachowania prawid\u0142owo z\u0142o\u017conego podpisu (profil zaufany \/ podpis kwalifikowany).<\/p>\n<p>&nbsp;<\/p>\n<ul>\n<li class=\"post-attachment mime-application-vnd-openxmlformats-officedocument-wordprocessingml-document\"><a role=\"link\" href=\"https:\/\/zs.pilchowice.pl\/wp-content\/uploads\/2026\/03\/01-Regulamin-rekrutacji-i-uczestnictwa-w-projekcie_Pilchowice.docx\">01-Regulamin-rekrutacji-i-uczestnictwa-w-projekcie_Pilchowice<\/a> <small>(DOC 72 kB)<\/small><\/li>\n<li class=\"post-attachment mime-application-vnd-openxmlformats-officedocument-wordprocessingml-document\"><a role=\"link\" href=\"https:\/\/zs.pilchowice.pl\/wp-content\/uploads\/2026\/03\/Zalacznik-nr-1-Formularz-zgloszeniowy-dzieci_Pilchowice.docx\">Zalacznik-nr-1-Formularz-zgloszeniowy-dzieci_Pilchowice<\/a> <small>(DOC 818 kB)<\/small><\/li>\n<li class=\"post-attachment mime-application-vnd-openxmlformats-officedocument-wordprocessingml-document\"><a role=\"link\" href=\"https:\/\/zs.pilchowice.pl\/wp-content\/uploads\/2026\/03\/Zalacznik-nr-2-Deklaracja-uczestnictwa-dzieci_Pilchowice.docx\">Zalacznik-nr-2-Deklaracja-uczestnictwa-dzieci_Pilchowice<\/a> <small>(DOC 814 kB)<\/small><\/li>\n<li class=\"post-attachment mime-application-vnd-openxmlformats-officedocument-wordprocessingml-document\"><a role=\"link\" href=\"https:\/\/zs.pilchowice.pl\/wp-content\/uploads\/2026\/03\/Zalacznik-nr-3-Klauzula-informacyjna_Pilchowice.docx\">Zalacznik-nr-3-Klauzula-informacyjna_Pilchowice<\/a> <small>(DOC 823 kB)<\/small><\/li>\n<li class=\"post-attachment mime-application-pdf\"><a role=\"link\" href=\"https:\/\/zs.pilchowice.pl\/wp-content\/uploads\/2026\/01\/01-Regulamin-rekrutacji-i-uczestnictwa-w-projekcie_Pilchowice.pdf\">Regulamin rekrutacji i uczestnictwa w projekcie_Pilchowice\u00a0<\/a><small>(PDF 597 kB)<\/small><\/li>\n<li class=\"post-attachment mime-application-pdf\"><a role=\"link\" href=\"https:\/\/zs.pilchowice.pl\/wp-content\/uploads\/2026\/01\/Zalacznik-nr-3-Klauzula-informacyjna_Pilchowice.pdf\">Za\u0142\u0105cznik nr 3 Klauzula informacyjna_Pilchowice\u00a0<\/a><small>(PDF 430 kB)<\/small><\/li>\n<li class=\"post-attachment mime-application-pdf\"><a role=\"link\" href=\"https:\/\/zs.pilchowice.pl\/wp-content\/uploads\/2026\/01\/Zalacznik-nr-2-Deklaracja-uczestnictwa-dzieci_Pilchowice.pdf\">Za\u0142\u0105cznik nr 2 Deklaracja uczestnictwa &#8211; dzieci_Pilchowice\u00a0<\/a><small>(PDF 380 kB)<\/small><\/li>\n<li class=\"post-attachment mime-application-pdf\"><a role=\"link\" href=\"https:\/\/zs.pilchowice.pl\/wp-content\/uploads\/2026\/01\/Zalacznik-nr-1-Formularz-zgloszeniowy-dzieci_Pilchowice.pdf\">Za\u0142\u0105cznik nr 1 Formularz zg\u0142oszeniowy &#8211; dzieci_Pilchowice\u00a0<\/a><small>(PDF 444 kB)<\/small><\/li>\n<li class=\"post-attachment mime-application-pdf\"><a role=\"link\" href=\"https:\/\/zs.pilchowice.pl\/wp-content\/uploads\/2026\/01\/Plakat.pdf\">Plakat\u00a0<\/a><small>(PDF 698 kB)<\/small><\/li>\n<\/ul>\n","protected":false},"excerpt":{"rendered":"<p>Bystrzaki \u2013 zaj\u0119cia dodatkowe dla przedszkolak\u00f3w w Zespole Szkolno-Przedszkolnym w Pilchowicach Nazwa beneficjenta: Gmina Pilchowice \u0179r\u00f3d\u0142o finansowania: Europejski Fundusz Spo\u0142eczny Plus (EFS+) Warto\u015b\u0107 projektu: 487 709,17 z\u0142 Dofinansowanie: 438 938,25 z\u0142, w tym UE 414 552,79 z\u0142 Okres realizacji: 01.09.2024 &hellip; <a href=\"https:\/\/zs.pilchowice.pl\/?page_id=7801\">Czytaj dalej <span class=\"meta-nav\">&rarr;<\/span><\/a><\/p>\n","protected":false},"author":4,"featured_media":0,"parent":0,"menu_order":0,"comment_status":"closed","ping_status":"closed","template":"","meta":[],"_links":{"self":[{"href":"https:\/\/zs.pilchowice.pl\/index.php?rest_route=\/wp\/v2\/pages\/7801"}],"collection":[{"href":"https:\/\/zs.pilchowice.pl\/index.php?rest_route=\/wp\/v2\/pages"}],"about":[{"href":"https:\/\/zs.pilchowice.pl\/index.php?rest_route=\/wp\/v2\/types\/page"}],"author":[{"embeddable":true,"href":"https:\/\/zs.pilchowice.pl\/index.php?rest_route=\/wp\/v2\/users\/4"}],"replies":[{"embeddable":true,"href":"https:\/\/zs.pilchowice.pl\/index.php?rest_route=%2Fwp%2Fv2%2Fcomments&post=7801"}],"version-history":[{"count":21,"href":"https:\/\/zs.pilchowice.pl\/index.php?rest_route=\/wp\/v2\/pages\/7801\/revisions"}],"predecessor-version":[{"id":8133,"href":"https:\/\/zs.pilchowice.pl\/index.php?rest_route=\/wp\/v2\/pages\/7801\/revisions\/8133"}],"wp:attachment":[{"href":"https:\/\/zs.pilchowice.pl\/index.php?rest_route=%2Fwp%2Fv2%2Fmedia&parent=7801"}],"curies":[{"name":"wp","href":"https:\/\/api.w.org\/{rel}","templated":true}]}}